ase 6, what is -330 + -4052?
-4422
In base 11, what is 13660 - -3?
13663
In base 14, what is 1c79 + 7?
1c82
In base 3, what is 2 + -2210221?
-2210212
In base 2, what is 10 + 11100010100100?
11100010100110
In base 10, what is 50164 - -3?
50167
In base 5, what is -1 - 122320?
-122321
In base 6, what is -4453010 + 4?
-4453002
In base 8, what is -117 + -11?
-130
In base 9, what is 365 - 40?
325
In base 8, what is -660 - -652?
-6
In base 3, what is 1210121021 + -2?
1210121012
In base 11, what is 4668 - -2a?
4697
In base 11, what is -49a3 + 3?
-49a0
In base 12, what is -18743 - 1?
-18744
In base 6, what is 41 + -54140?
-54055
In base 3, what is 20 - 22101002122?
-22101002102
In base 2, what is 101 + 11110010101010111?
11110010101011100
In base 11, what is -2197 - -8?
-218a
In base 10, what is 432 - -899?
1331
In base 15, what is 6 - 20999?
-20993
In base 16, what is -22 + -1e8?
-20a
In base 7, what is 2 - -235661?
235663
In base 3, what is 101 - 1022010102?
-1022010001
In base 9, what is -2 + 11814?
11812
In base 4, what is 1203 + -10002312?
-10001103
In base 5, what is -1241204 - -134?
-1241020
In base 9, what is -301663 - -6?
-301656
In base 14, what is 4 - -1731?
1735
In base 6, what is -14 + 33324?
33310
In base 7, what is -51520 + -55?
-51605
In base 9, what is 283 + 108?
402
In base 14, what is db088 - -5?
db08d
In base 16, what is -128 - -845?
71d
In base 4, what is 11 + -303003320?
-303003303
In base 15, what is -56 - 66?
-bc
In base 6, what is 0 - 5320?
-5320
In base 4, what is 1 + 1031120300?
1031120301
In base 3, what is 21 + 1201221?
1202012
In base 16, what is d3d3 - 2?
d3d1
In base 3, what is -2 - -1222110202021?
1222110202012
In base 12, what is 291879 + -5?
291874
In base 3, what is -12 - -200002120112?
200002120100
In base 13, what is 1 - 237380?
-23737c
In base 15, what is -4 - 15de3?
-15de7
In base 12, what is -49 + 1b94?
1b47
In base 14, what is -3 + 46b43?
46b40
In base 12, what is 1 - 209?
-208
In base 11, what is 13a1344 + 5?
13a1349
In base 8, what is 27424 - 320?
27104
In base 13, what is 8857b + -1?
8857a
In base 15, what is 5e5 + a7?
69c
In base 11, what is -118 - 9976?
-9a93
In base 11, what is -1757 + 2a?
-1728
In base 7, what is -115 - -552?
434
In base 3, what is -2 + 10221201012?
10221201010
In base 12, what is 115 + -165b?
-1546
In base 13, what is 1516 - -20?
1536
In base 7, what is -43 - -1006421?
1006345
In base 4, what is 1311100 + 112?
1311212
In base 4, what is 31322103220 - 3?
31322103211
In base 14, what is -1740c7 + 5?
-1740c2
In base 5, what is -114 + -130332?
-131001
In base 8, what is -10363707 - 3?
-10363712
In base 4, what is -3311100 + -10?
-3311110
In base 6, what is -4341 + -145?
-4530
In base 15, what is -2d85 + -2?
-2d87
In base 3, what is 1122100 + -112001?
1010022
In base 13, what is 2 + 3c65b?
3c660
In base 8, what is -234 + -6460?
-6714
In base 13, what is 0 - 998b9?
-998b9
In base 5, what is -3312 - -1230?
-2032
In base 14, what is 5a - -46a9?
4725
In base 6, what is -21 - -124331?
124310
In base 8, what is 13305 - -7?
13314
In base 9, what is 358 - 4837?
-4468
In base 5, what is -3 + -10231420?
-10231423
In base 4, what is -33 + 10212321?
10212222
In base 15, what is -4 - -5b1c3?
5b1be
In base 3, what is 2 + 121120200212?
121120200221
In base 2, what is 10000101111 + 11110110?
10100100101
In base 12, what is -3 + -2256a?
-22571
In base 13, what is 3 - 94cc?
-94c9
In base 12, what is 3 + 4140?
4143
In base 9, what is -566 - 7?
-574
In base 2, what is -1 + 100000001101010101?
100000001101010100
In base 10, what is 26647 + -88?
26559
In base 6, what is -421001 + 30?
-420531
In base 9, what is 3 - -104722?
104725
In base 12, what is -1 - -9637?
9636
In base 13, what is 9 - 4a970?
-4a964
In base 4, what is -30333230 + 10?
-30333220
In base 4, what is 130013 + 100?
130113
In base 12, what is -3070 - 266?
-3316
In base 2, what is -1010111001010000100 + -100?
-1010111001010001000
In base 6, what is -10 + -4243?
-4253
In base 10, what is -1892 + 771?
-1121
In base 6, what is 25043 - -511?
25554
In base 15, what is 2cbc - -27?
2ce4
In base 9, what is -858 - 1?
-860
In base 14, what is 4343 - 4?
433d
In base 2, what is 10100 + -1101001?
-1010101
In base 3, what is -12021121 - -211221?
-11102200
In base 9, what is 1146 + 174?
1331
In base 9, what is -17 - -43857?
43840
In base 9, what is -74 - 710?
-784
In base 2, what is -100100 - -1000000100011011?
1000000011110111
In base 5, what is 11313 + -1420?
4343
In base 10, what is -3 - -1856?
1853
In base 6, what is 20131335 + 0?
20131335
In base 8, what is -22375 + 170?
-22205
In base 3, what is -12 - 21220201?
-21220220
In base 2, what is 10100 + -1111110000?
-1111011100
In base 16, what is 191 + 40?
1d1
In base 14, what is 8a6 + 2?
8a8
In base 12, what is 6 + -333?
-329
In base 2, what is -100 - 11110001110110111?
-11110001110111011
In base 5, what is 401 - 430330?
-424424
In base 11, what is 235 - 379?
-144
In base 12, what is 16a - -33?
1a1
In base 7, what is -562110 - 0?
-562110
In base 16, what is -23 - 1627?
-164a
In base 8, what is 114555 - 21?
114534
In base 3, what is 21 + 22120002?
22120100
In base 16, what is -8bc + 5?
-8b7
In base 16, what is 50 + 3588?
35d8
In base 16, what is 99e - 2?
99c
In base 15, what is -c1a2 + -1?
-c1a3
In base 16, what is 1 - 57bcb?
-57bca
In base 15, what is 12 + -24628?
-24616
In base 9, what is 102 - -557?
660
In base 6, what is -1143131 - -110?
-1143021
In base 7, what is -1 - -53102?
53101
In base 3, what is 100002121 + 202?
100010100
In base 2, what is -101001000101 + -111111?
-101010000100
In base 10, what is -35 - -16273?
16238
In base 11, what is -206462 - 3?
-206465
In base 15, what is 1 - -34ee?
3500
In base 12, what is -4 + 45843b?
458437
In base 7, what is 40536300 + 5?
40536305
In base 12, what is -181733 + -2?
-181735
In base 10, what is 1 + 106512?
106513
In base 15, what is -7 - b3972?
-b3979
In base 8, what is 22303 - 333?
21750
In base 10, what is -2 - -29192?
29190
In base 3, what is 0 - -10010210220200?
10010210220200
In base 5, what is 2422233 - -24?
2422312
In base 10, what is 36 + 100?
136
In base 3, what is 121210110 + 1112?
121211222
In base 14, what is -59b - -502?
-99
In base 6, what is -30403 - 415?
-31222
In base 9, what is -658772 + 2?
-658770
In base 6, what is -51000 - -12?
-50544
In base 12, what is 2004 + -15?
1bab
In base 12, what is 4b76 + 11?
4b87
In base 3, what is -11 - -210111022?
210111011
In base 4, what is -103210020 + 103?
-103203311
In base 12, what is 965b - 0?
965b
In base 2, what is 1110100001111000 + 11?
1110100001111011
In base 11, what is -4 + -3593?
-3597
In base 7, what is -16542 + -5?
-16550
In base 13, what is 50121 - 5?
50119
In base 5, what is -24 + 12331?
12302
In base 12, what is 37294 - -3?
37297
In base 9, what is -24 - -20208?
20174
In base 11, what is -6a059 + 0?
-6a059
In base 12, what is 6 - 1b9?
-1b3
In base 5, what is -14234014 - 10?
-14234024
In base 7, what is -36204012 + -1?
-36204013
In base 16, what is -3ee - -d9?
-315
In base 2, what is -11 - 100010010101010010?
-100010010101010101
In base 4, what is -1 - 1210201130?
-1210201131
In base 3, what is -21222 - -21201?
-21
In base 12, what is -135909 + -1?
-13590a
In base 5, what is -420 - -420?
0
In base 15, what is -d - 2d63b?
-2d649
In base 5, what is -10 - -211233024?
211233014
In base 10, what is -52 - 2403?
-2455
In base 6, what is 125235 + -14?
125221
In base 5, what is -34334 + 300?
-34034
In base 2, what is 1110101000001 + 100111011?
1111001111100
In base 4, what is 103 + 110113?
110222
In base 9, what is 8803 - -1?
8804
In base 14, what is -1 + -5d2?
-5d3
In base 15, what is 2 - 364?
-362
In base 11, what is -169 + 302?
144
In base 15, what is -24b3 - 0?
-24b3
In base 10, what is 38497 - 4?
38493
In base 2, what is 10001110 + 111011110011?
111110000001
In base 15, what is -1d - 9886?
-98a4
In base 15, what is -ed9 + -91?
-107a
In base 16, what is -124bc - 0?
-124bc
In base 2, what is -100 + -1100000000000100101?
-1100000000000101001
In base 10, what is 275 - -58?
333
In base 16, what is -5384 + 8?
-537c
In base 8, what is -176 + 3660?
3462
In base 6, what is 0 + 444205?
444205
In base 8, what is 2004 + -276?
1506
In base 11, what is 1024 - 21?
1003
In base 3, what is -10220122 + 102?
-102